 p?
8
Let w(n) = 6*n**2 - n - 6. Calculate the remainder when w(4) is divided by 22.
20
Let a = -182 + 272. Suppose 0 = -4*c + 30 + a. Calculate the remainder when c is divided by 16.
14
Let h(l) = 3*l**2 + 0 - 3 - 2*l**2. Let p be 4 - 0/(6/2). What is the remainder when h(p) is divided by 5?
3
Let s(w) = w - 8. Let q be s(7). Let u = q + 6. Calculate the remainder when u*4*(-24)/(-15) is divided by 17.
15
Suppose -4*z - 3 + 57 = -2*o, 0 = -3*o + 15. Calculate the remainder when 76 is divided by z.
12
Let i(j) = -j + 32. Suppose -3*y = -u - 54, 4*y - 42 = y - 3*u. Let w(v) = 11. Let b(r) = y*w(r) - 6*i(r). Calculate the remainder when b(8) is divided by 15.
13
Let n = 459 + -304. Calculate the remainder when n is divided by 53.
49
Let i(v) = 2*v**2 + 9*v + 5. What is the remainder when i(-6) is divided by 8?
7
Let u(z) = -4*z**3 + z**2 - 5*z - 5. What is the remainder when u(-2) is divided by 14?
13
Let y be 5/4 - 2/8. Suppose 7 = 3*q + y. Let z = 16 - 13. What is the remainder when z is divided by q?
1
Let q = -3 + 4. Let u be -1*(-1 + q)/1. Suppose 0 = -f + 4*x - 1, 12 = 3*x - u. Calculate the remainder when 29 is divided by f.
14
Let h be (-6)/15 - 648/(-20). What is the remainder when ((-56)/(-32))/(2/h) is divided by 15?
13
Suppose -d = -5 - 1. Suppose -5*w - 12 - 68 = 0. Let q = w + 26. Calculate the remainder when q is divided by d.
4
Let m(r) = -r**2 - 10*r - 4. Let p = -74 - -123. Calculate the remainder when p is divided by m(-7).
15
Suppose -3 - 5 = -2*y. Suppose 0 = -y*s + 2*s + 58. Calculate the remainder when s is divided by 16.
13
Suppose 2*l + 16 = 5*q, -14 = l + 2*l - 5*q. Suppose 0 = 3*m - 4*a - l, a + 20 = 4*m - 0*m. Calculate the remainder when 17 is divided by m.
5
Let a be (-13)/(-39) + 26/3. Suppose -a*f + 36 = -7*f. Calculate the remainder when 69 is divided by f.
15
Let m = 9 - -3. Let g = m + 4. Let d = 16 - 10. Calculate the remainder when g is divided by d.
4
Calculate the remainder when 17 is divided by 4 - ((-20)/5 + 2).
5
Suppose 2*q - 107 = -3*t, q + 64 - 20 = t. Let s = 22 - t. Let v = 4 - s. Calculate the remainder when v is divided by 11.
10
Let l(c) = c**2 - 5*c + 5. Let s be l(3). Let u = 18 + s. What is the remainder when 67 is divided by u?
16
Suppose n + 2 + 0 = m, -3*m = 5*n - 14. Suppose 8 = -4*r + 12. What is the remainder when r is divided by n?
0
Let u be (15/6)/(-5)*4. Calculate the remainder when 41 is divided by 4 + u + 1 + 8.
8
Let h(f) = f - 5. Let n be h(9). Let j(m) = m**2 - m - 1. Let c(r) = r**2 - 4*r + 1. Calculate the remainder when j(n) is divided by c(5).
5
Let x = -11 - -12. Calculate the remainder when 21 + -4 - 0 - x is divided by 9.
7
Suppose -2 = -4*b + 2, -f = -4*b - 35. Suppose q + 2*q = f. Calculate the remainder when 1 - (-2)/(-1) - -38 is divided by q.
11
Let y = 12 + 9. What is the remainder when y is divided by 4?
1
Let i = -63 + 140. Suppose 3*y = 30 + 30. Calculate the remainder when i is divided by y.
17
Let d(c) = 4*c + 2. Let w be d(-2). Let h be w*(-4)/6 + 1. Let a(f) = f**3 - 5*f**2 + 7*f - 1. Calculate the remainder when a(h) is divided by 18.
16
Suppose 0 = -6*n + 2*n. Suppose -3*b + 24 = -n*b. Suppose 0 = 4*r - 33 - 51. What is the remainder when r is divided by b?
5
Let m be 3/((-27)/(-15))*3. Let l be (4/m)/(1/20). Suppose 3*t - 5*v = 12, -4 = -5*t + 3*v + l. Calculate the remainder when 7 is divided by t.
3
Suppose -2 = 3*y - 4*y, -2*q + 136 = 3*y. What is the remainder when q is divided by 35?
30
Let m = 5 - -2. What is the remainder when 12 is divided by m?
5
Let o = 5 + -7. Let h = -5 - o. Let g(j) = -2*j**3 - 4*j**2 - j + 2. Calculate the remainder when g(h) is divided by 8.
7
Suppose -4*l + 3*z + 23 = 0, -z - 36 = -3*l - 5*z. Calculate the remainder when l is divided by 4.
0
Let z = 13 + 3. Let w = -219 + 349. Let y = w - 84. Calculate the remainder when y is divided by z.
14
Suppose 3 = 4*l + 15, 0 = -4*k - 4*l + 20. Calculate the remainder when (22/(-4))/((-4)/k) is divided by 4.
3
What is the remainder when 306/7 - (-2 + 48/28) is divided by 18?
8
Suppose -z = -6*z + 225. What is the remainder when z is divided by (-39)/(-3) + 15/(-15)?
9
Suppose 325 = 5*l - 2*p + 6*p, -l + 4*p + 65 = 0. Calculate the remainder when l is divided by ((-1944)/(-10))/6 - (-6)/10.
32
Let l be -2*5/(20/(-6)). Suppose 5*q - 10 = 0, -6 = -3*s - 0*s + l*q. What is the remainder when 6 is divided by s?
2
Let a(u) = -7*u - 1. Suppose -3*z + 5*z = 48. Calculate the remainder when z is divided by a(-2).
11
Let j be (3/(-9))/((-1)/276). Suppose 4*l = 4*r - 6*r + 28, 0 = 5*r - l - j. Calculate the remainder when 51 is divided by r.
15
Suppose 2*f - 16 = -2*d - 0, -4*f = -3*d - 18. What is the remainder when -8 - -6 - (-1 + -11) is divided by f?
4
Suppose -5*k = -535 - 95. Calculate the remainder when k is divided by 43.
40
Suppose -t - 2*u - 15 = -56, 0 = -4*t - 3*u + 169. What is the remainder when t is divided by 11?
10
Suppose 6 = -5*w - 4, 196 = 3*r + 4*w. What is the remainder when r is divided by 21?
5
Suppose -2*g = -0*g - 5*q - 19, 4*g - 3*q = 31. Suppose -i + 1 = -g. What is the remainder when i is divided by (-1)/(-2)*(11 - 1)?
3
Suppose 0 = p - 4*p + 60. Let g = p - 7. Calculate the remainder when 24 is divided by g.
11
Suppose -2*d + 5*i = -81, -4*d + 2*i + 45 = -109. Let h = 17 - 7. What is the remainder when d is divided by h?
8
Let u = -7 - -11. Suppose w = -5*t, -4*w + w + 5*t = -40. Calculate the remainder when w is divided by u.
2
Suppose j + 44 = -3*n, -n + 2*j - 4 = 5*j. Let h = -8 - n. Let x = 20 - 5. What is the remainder when x is divided by h?
7
Let c be (-1)/4 - (-4)/16. Suppose 3*v - 5 - 22 = c. What is the remainder when 174/10 - (-2)/(-5) is divided by v?
8
Let s = 260 + -466. What is the remainder when (1 - 1) + 0 + 28 is divided by s/(-14) + (-6)/(-21)?
13
Suppose -3*x + 20 = 2*x. What is the remainder when 2 is divided by 4 + (x - 0)/(-2)?
0
Suppose -18 = -2*w + 2. Calculate the remainder when 29 is divided by w.
9
Let j = 3 - -31. Suppose 3*z = 11 + j. Calculate the remainder when 42 is divided by z.
12
Suppose -93 - 102 = -3*c. Suppose 0 = -4*n - 25 + c. Calculate the remainder when 19 is divided by n.
9
Suppose 5*a = -2*d + 130, 0 = -3*a + d - 0*d + 78. Let p(l) = 4*l + 5. Let k be p(5). Let c = k + -16. What is the remainder when a is divided by c?
8
Let b = 0 - 2. What is the remainder when 1/(8/6 - 1) is divided by 3 - (b + 3 + 0)?
1
Let q = -3 - -8. Suppose -q*k = -10*k + 140. What is the remainder when -1 - (0 - -1 - k) is divided by 9?
8
Let b(g) = 2*g**2 + 2*g + 1. Suppose -4*w = -7*w - o, -15 = 5*o. Calculate the remainder when w is divided by b(-1).
0
Suppose -68 + 20 = -4*v. Calculate the remainder when 19 is divided by v.
7
Suppose -6*j = -4*j - 36. Calculate the remainder when 26 is divided by (-135)/j*(-6)/5.
8
Suppose -27 = -5*p - 2. Let c(d) = d**3 - d**2 - 2*d + 2. Let n be c(2). Suppose 27 = n*r + p. What is the remainder when r is divided by 4?
3
Suppose -2*t + 5*q - 3 = -8, 0 = -3*t - 3*q + 39. Suppose y = -3 + 20. Calculate the remainder when y is divided by t.
7
What is the remainder when 66 + 3 + (-10)/4*2 is divided by 13?
12
Let h = -5 - -9. Let t(a) = 8*a + 3. What is the remainder when t(h) is divided by 12?
11
Suppose -29 = -4*j + 83. Let u = 8 - 2. Calculate the remainder when j is divided by u.
4
Suppose 0 = 4*a + v - 18, 3*a + 13 = 6*a + v. Calculate the remainder when a is divided by 2.
1
Let n(q) = 0 + 0 + 18*q. Let u be n(-5). Let c = -64 - u. Calculate the remainder when c is divided by 9.
8
Let c = 18 + -5. Calculate the remainder when 46 is divided by c.
7
Let y(v) = -v**3 + 10*v**2 - 3*v - 20. What is the remainder when y(9) is divided by 10?
4
Suppose 0 = 5*s + z - 70, 0*s + 4*z - 7 = s. What is the remainder when 49 is divided by s?
10
Let s = -2 - -5. Let o(t) = 2*t**2 + t - 2. Calculate the remainder when 36 is divided by o(s).
17
Let r be ((-3)/6)/((-1)/6). Let x(k) = k**3 - 3*k**2 - 4. Let l be x(r). Calculate the remainder when 42 is divided by (-369)/(-33) - l/(-22).
9
Let p = -3 + 7. Let u = 3 + 1. Suppose -3*f - p*d = -3 - 17, -u*f = 4*d - 28. Calculate the remainder when f is divided by 3.
2
Let p = -6 + 11. What is the remainder when 16 is divided by p?
1
Let q(p) = -2*p**3 + p**2 + 2. Let w be q(2